{"id":371,"date":"2025-02-02T20:45:41","date_gmt":"2025-02-02T20:45:41","guid":{"rendered":"https:\/\/cc2972.ca\/2972\/?page_id=371"},"modified":"2026-04-21T19:00:31","modified_gmt":"2026-04-22T00:00:31","slug":"message-de-la-semaine","status":"publish","type":"page","link":"https:\/\/cc2972.ca\/2972\/message-de-la-semaine\/","title":{"rendered":"Messages de la semaine"},"content":{"rendered":"\n<div class=\"wp-block-buttons alignwide is-content-justification-center is-layout-flex wp-container-core-buttons-is-layout-16018d1d wp-block-buttons-is-layout-flex\">\n<div class=\"wp-block-button\"><a class=\"wp-block-button__link has-text-align-center wp-element-button\" href=\"http:\/\/eepurl.com\/jrDGgA\">inscrivez-vous aux messages de la semaine<\/a><\/div>\n<\/div>\n\n\n\n<p>La cantine est ouverte \u00e0 chaque soir o\u00f9 nous serons au centre Roger-Tougas.<\/p>\n\n\n\n<strong><mark style=\"background-color:rgba(0, 0, 0, 0)\" class=\"has-inline-color has-yellow-color\">LES BOISSONS \u00c9NERGISANTES (EX: RED BULL) SONT MAINTENANT INTERDITE LORS DES ACTIVIT\u00c9S AU CORPS DE CADETS<\/mark><\/strong><br>\n\n\n\n<strong><mark style=\"background-color:#eeece8\" class=\"has-inline-color\">Nous demandons aux cadets, lors des pauses, de profiter de ce moment pour discuter avec leurs paires et non de sortir leurs t\u00e9l\u00e9phones! Soyez ouvert aux autres et socialisez plut\u00f4t que de vous enfermer dans le monde virtuel.<\/mark><\/strong>\n\n\n\n<div class=\"wp-block-group\"><div class=\"wp-block-group__inner-container is-layout-constrained wp-block-group-is-layout-constrained\">\n<div class=\"wp-block-group\"><div class=\"wp-block-group__inner-container is-layout-constrained wp-block-group-is-layout-constrained\">\n<h2 class=\"wp-block-heading\"><strong>Documents \u00e0 retourner le plus t\u00f4t possible:<\/strong><\/h2>\n\n\n\n<ul class=\"wp-block-list\">\n<li><strong><mark style=\"background-color:#d7b221\" class=\"has-inline-color\">Formulaire de validation annuel;<\/mark><\/strong><\/li>\n\n\n\n<li><strong><mark style=\"background-color:#d7b221\" class=\"has-inline-color\">Code de conduite sign\u00e9s.<\/mark><\/strong><\/li>\n<\/ul>\n<\/div><\/div>\n<\/div><\/div>\n\n\n\n<h2 class=\"wp-block-heading\"><strong>ACTIVIT\u00c9S:<\/strong><\/h2>\n\n\n\n<ul class=\"wp-block-list\">\n<li><strong>Vendredi 24 avril<\/strong><\/li>\n\n\n\n<li>PAS DE TIR, SALLE NON DISPONIBLE<\/li>\n<\/ul>\n\n\n\n<ul class=\"wp-block-list\">\n<li><strong>MARDI 28 AVRIL<\/strong><\/li>\n\n\n\n<li>Soir\u00e9e d&rsquo;entrainement<\/li>\n\n\n\n<li>Centre Roger-Tougas<\/li>\n\n\n\n<li>de 18h30 \u00e0 21h00<\/li>\n\n\n\n<li>Tenue: UEC (<a href=\"https:\/\/cc2972.ca\/2972\/comment-porter-luniforme\/\">Comment porter l&rsquo;uniforme<\/a>)<\/li>\n<\/ul>\n\n\n\n<ul class=\"wp-block-list\">\n<li><strong>MARDI 5 MAI<\/strong><\/li>\n\n\n\n<li>Parade du commandant<\/li>\n\n\n\n<li>Centre Roger-Tougas<\/li>\n\n\n\n<li>de 18h30 \u00e0 21h00 (les parents peuvent entrer \u00e0 compter de 20h00 pour prendre place)<\/li>\n\n\n\n<li>Tenue: C1A (<a href=\"https:\/\/cc2972.ca\/2972\/comment-porter-luniforme\/\">Comment porter l&rsquo;uniforme<\/a>)<\/li>\n<\/ul>\n\n\n\n<ul class=\"wp-block-list\">\n<li><strong>VENDREDI 8 MAI<\/strong><\/li>\n\n\n\n<li>Tir (prise de nom le 5 mai)<\/li>\n\n\n\n<li>Centre Roger-Tougas<\/li>\n\n\n\n<li>de 18h30 \u00e0 21h00<\/li>\n\n\n\n<li>Tenue: CIVIL<\/li>\n<\/ul>\n\n\n\n<ul class=\"wp-block-list\">\n<li><strong>MARDI 12 MAI<\/strong><\/li>\n\n\n\n<li>Soir\u00e9e d&rsquo;entrainement<\/li>\n\n\n\n<li>Centre Roger-Tougas<\/li>\n\n\n\n<li>de 18h30 \u00e0 21h00<\/li>\n\n\n\n<li>Tenue: CIVIL<\/li>\n<\/ul>\n\n\n\n<ul class=\"wp-block-list\">\n<li><strong>VENDREDI 15 MAI<\/strong><\/li>\n\n\n\n<li>Nettoyage des carabines (prise de nom le 12 mai)<\/li>\n\n\n\n<li>Centre Roger-Tougas<\/li>\n\n\n\n<li>de 18h30 \u00e0 21h00<\/li>\n\n\n\n<li>Tenue: CIVIL pouvant \u00eatre salie<\/li>\n<\/ul>\n\n\n\n<p><strong>N&rsquo;h\u00e9sitez pas \u00e0 consulter le <a href=\"https:\/\/outlook.office365.com\/owa\/calendar\/2918792720e84dd480a9771876d50218@cadets.gc.ca\/bf6d3d8c3fd2467ebb10177ad0f98c2b2731081550027954463\/calendar.html\" data-type=\"link\" data-id=\"https:\/\/outlook.office365.com\/owa\/calendar\/2918792720e84dd480a9771876d50218@cadets.gc.ca\/bf6d3d8c3fd2467ebb10177ad0f98c2b2731081550027954463\/calendar.html\">calendrier de nos activit\u00e9s<\/a>.<\/strong><\/p>\n\n\n\n<p><strong>N&rsquo;oubliez pas de vous inscrire \u00e0 la liste d&rsquo;envoi de messages de la semaine par courriel dans&nbsp;la section&nbsp;<a href=\"https:\/\/cc2972.ca\/2972\/notifications-courriels\/\" data-type=\"link\" data-id=\"https:\/\/cc2972.ca\/2972\/notifications-courriels\/\">notifications courriel<\/a>&nbsp;de notre site internet.<\/strong><\/p>\n\n\n\n<p><em>Note: Les soir\u00e9es d&rsquo;entra\u00eenement d\u00e9butent \u00e0 18h30. Les cadets doivent donc arriver en avance pour \u00eatre pr\u00eats \u00e0 commencer \u00e0 18h30.<\/em><\/p>\n\n\n\n<p><\/p>\n","protected":false},"excerpt":{"rendered":"<p>La cantine est ouverte \u00e0 chaque soir o\u00f9 nous serons au centre Roger-Tougas. Documents \u00e0 retourner le plus t\u00f4t possible: ACTIVIT\u00c9S: N&rsquo;h\u00e9sitez pas \u00e0 consulter le calendrier de nos activit\u00e9s. N&rsquo;oubliez pas de vous inscrire \u00e0 la liste d&rsquo;envoi de messages de la semaine par courriel dans&nbsp;la section&nbsp;notifications courriel&nbsp;de notre site internet. Note: Les soir\u00e9es &hellip; <a href=\"https:\/\/cc2972.ca\/2972\/message-de-la-semaine\/\" class=\"more-link\">Lire la suite de <span class=\"screen-reader-text\">Messages de la semaine<\/span><\/a><\/p>\n","protected":false},"author":3,"featured_media":0,"parent":0,"menu_order":0,"comment_status":"closed","ping_status":"closed","template":"","meta":{"pagelayer_contact_templates":[],"_pagelayer_content":"","footnotes":""},"class_list":["post-371","page","type-page","status-publish","hentry","no-featured-image"],"_links":{"self":[{"href":"https:\/\/cc2972.ca\/2972\/wp-json\/wp\/v2\/pages\/371","targetHints":{"allow":["GET"]}}],"collection":[{"href":"https:\/\/cc2972.ca\/2972\/wp-json\/wp\/v2\/pages"}],"about":[{"href":"https:\/\/cc2972.ca\/2972\/wp-json\/wp\/v2\/types\/page"}],"author":[{"embeddable":true,"href":"https:\/\/cc2972.ca\/2972\/wp-json\/wp\/v2\/users\/3"}],"replies":[{"embeddable":true,"href":"https:\/\/cc2972.ca\/2972\/wp-json\/wp\/v2\/comments?post=371"}],"version-history":[{"count":148,"href":"https:\/\/cc2972.ca\/2972\/wp-json\/wp\/v2\/pages\/371\/revisions"}],"predecessor-version":[{"id":812,"href":"https:\/\/cc2972.ca\/2972\/wp-json\/wp\/v2\/pages\/371\/revisions\/812"}],"wp:attachment":[{"href":"https:\/\/cc2972.ca\/2972\/wp-json\/wp\/v2\/media?parent=371"}],"curies":[{"name":"wp","href":"https:\/\/api.w.org\/{rel}","templated":true}]}}

<div class="wp-block-buttons alignwide is-content-justification-center is-layout-flex wp-container-core-buttons-is-layout-16018d1d wp-block-buttons-is-layout-flex">
<div class="wp-block-button"><a class="wp-block-button__link has-text-align-center wp-element-button" href="http://eepurl.com/jrDGgA">inscrivez-vous aux messages de la semaine</a></div>
</div>



<p>La cantine est ouverte à chaque soir où nous serons au centre Roger-Tougas.</p>



<strong><mark style="background-color:rgba(0, 0, 0, 0)" class="has-inline-color has-yellow-color">LES BOISSONS ÉNERGISANTES (EX: RED BULL) SONT MAINTENANT INTERDITE LORS DES ACTIVITÉS AU CORPS DE CADETS</mark></strong><br>



<strong><mark style="background-color:#eeece8" class="has-inline-color">Nous demandons aux cadets, lors des pauses, de profiter de ce moment pour discuter avec leurs paires et non de sortir leurs téléphones! Soyez ouvert aux autres et socialisez plutôt que de vous enfermer dans le monde virtuel.</mark></strong>



<div class="wp-block-group"><div class="wp-block-group__inner-container is-layout-constrained wp-block-group-is-layout-constrained">
<div class="wp-block-group"><div class="wp-block-group__inner-container is-layout-constrained wp-block-group-is-layout-constrained">
<h2 class="wp-block-heading"><strong>Documents à retourner le plus tôt possible:</strong></h2>



<ul class="wp-block-list">
<li><strong><mark style="background-color:#d7b221" class="has-inline-color">Formulaire de validation annuel;</mark></strong></li>



<li><strong><mark style="background-color:#d7b221" class="has-inline-color">Code de conduite signés.</mark></strong></li>
</ul>
</div></div>
</div></div>



<h2 class="wp-block-heading"><strong>ACTIVITÉS:</strong></h2>



<ul class="wp-block-list">
<li><strong>Vendredi 24 avril</strong></li>



<li>PAS DE TIR, SALLE NON DISPONIBLE</li>
</ul>



<ul class="wp-block-list">
<li><strong>MARDI 28 AVRIL</strong></li>



<li>Soirée d&rsquo;entrainement</li>



<li>Centre Roger-Tougas</li>



<li>de 18h30 à 21h00</li>



<li>Tenue: UEC (<a href="https://cc2972.ca/2972/comment-porter-luniforme/">Comment porter l&rsquo;uniforme</a>)</li>
</ul>



<ul class="wp-block-list">
<li><strong>MARDI 5 MAI</strong></li>



<li>Parade du commandant</li>



<li>Centre Roger-Tougas</li>



<li>de 18h30 à 21h00 (les parents peuvent entrer à compter de 20h00 pour prendre place)</li>



<li>Tenue: C1A (<a href="https://cc2972.ca/2972/comment-porter-luniforme/">Comment porter l&rsquo;uniforme</a>)</li>
</ul>



<ul class="wp-block-list">
<li><strong>VENDREDI 8 MAI</strong></li>



<li>Tir (prise de nom le 5 mai)</li>



<li>Centre Roger-Tougas</li>



<li>de 18h30 à 21h00</li>



<li>Tenue: CIVIL</li>
</ul>



<ul class="wp-block-list">
<li><strong>MARDI 12 MAI</strong></li>



<li>Soirée d&rsquo;entrainement</li>



<li>Centre Roger-Tougas</li>



<li>de 18h30 à 21h00</li>



<li>Tenue: CIVIL</li>
</ul>



<ul class="wp-block-list">
<li><strong>VENDREDI 15 MAI</strong></li>



<li>Nettoyage des carabines (prise de nom le 12 mai)</li>



<li>Centre Roger-Tougas</li>



<li>de 18h30 à 21h00</li>



<li>Tenue: CIVIL pouvant être salie</li>
</ul>



<p><strong>N&rsquo;hésitez pas à consulter le <a href="https://outlook.office365.com/owa/calendar/2918792720e84dd480a9771876d50218@cadets.gc.ca/bf6d3d8c3fd2467ebb10177ad0f98c2b2731081550027954463/calendar.html" data-type="link" data-id="https://outlook.office365.com/owa/calendar/2918792720e84dd480a9771876d50218@cadets.gc.ca/bf6d3d8c3fd2467ebb10177ad0f98c2b2731081550027954463/calendar.html">calendrier de nos activités</a>.</strong></p>



<p><strong>N&rsquo;oubliez pas de vous inscrire à la liste d&rsquo;envoi de messages de la semaine par courriel dans&nbsp;la section&nbsp;<a href="https://cc2972.ca/2972/notifications-courriels/" data-type="link" data-id="https://cc2972.ca/2972/notifications-courriels/">notifications courriel</a>&nbsp;de notre site internet.</strong></p>



<p><em>Note: Les soirées d&rsquo;entraînement débutent à 18h30. Les cadets doivent donc arriver en avance pour être prêts à commencer à 18h30.</em></p>



<p></p>

<p>La cantine est ouverte à chaque soir où nous serons au centre Roger-Tougas. Documents à retourner le plus tôt possible: ACTIVITÉS: N&rsquo;hésitez pas à consulter le calendrier de nos activités. N&rsquo;oubliez pas de vous inscrire à la liste d&rsquo;envoi de messages de la semaine par courriel dans&nbsp;la section&nbsp;notifications courriel&nbsp;de notre site internet. Note: Les soirées &hellip; <a href="https://cc2972.ca/2972/message-de-la-semaine/" class="more-link">Lire la suite de <span class="screen-reader-text">Messages de la semaine</span></a></p>
