{"id":325,"date":"2025-02-02T19:21:29","date_gmt":"2025-02-02T19:21:29","guid":{"rendered":"https:\/\/cc2972.ca\/2972\/?page_id=325"},"modified":"2025-02-02T19:43:31","modified_gmt":"2025-02-02T19:43:31","slug":"comment-passer-mon-niveau","status":"publish","type":"page","link":"https:\/\/cc2972.ca\/2972\/comment-passer-mon-niveau\/","title":{"rendered":"Comment passer mon niveau"},"content":{"rendered":"\n<div class=\"wp-block-group alignwide\"><div class=\"wp-block-group__inner-container is-layout-constrained wp-block-group-is-layout-constrained\">\n<div class=\"wp-block-group\"><div class=\"wp-block-group__inner-container is-layout-constrained wp-block-group-is-layout-constrained\">\n<p>L\u2019instruction des cadets de l\u2019Arm\u00e9e est divis\u00e9e en <strong>cinq niveaux<\/strong>, repr\u00e9sent\u00e9s par des \u00e9toiles de couleur. Pour se qualifier au niveau suivant, le cadet doit :<\/p>\n\n\n\n<ul class=\"wp-block-list\">\n<li>Assister aux <strong>soir\u00e9es d\u2019instruction du mardi soir<\/strong><\/li>\n\n\n\n<li>Participer aux <strong>activit\u00e9s obligatoires<\/strong><\/li>\n<\/ul>\n\n\n\n<p>Chaque niveau a des crit\u00e8res pr\u00e9cis bas\u00e9s sur la pr\u00e9sence et la r\u00e9ussite des <strong>Objectifs de Rendement (OREN)<\/strong>.<\/p>\n<\/div><\/div>\n\n\n\n<div class=\"wp-block-group\"><div class=\"wp-block-group__inner-container is-layout-constrained wp-block-group-is-layout-constrained\">\n<h2 class=\"wp-block-heading\">\u00c9toile verte<\/h2>\n\n\n\n<div class=\"wp-block-group is-nowrap is-layout-flex wp-container-core-group-is-layout-ad2f72ca wp-block-group-is-layout-flex\">\n<figure class=\"wp-block-image size-full is-resized\"><img loading=\"lazy\" decoding=\"async\" width=\"376\" height=\"673\" src=\"https:\/\/cc2972.ca\/2972\/wp-content\/uploads\/2025\/01\/ETOILE-VERTE.png\" alt=\"\" class=\"wp-image-171\" style=\"width:162px\" srcset=\"https:\/\/cc2972.ca\/2972\/wp-content\/uploads\/2025\/01\/ETOILE-VERTE.png 376w, https:\/\/cc2972.ca\/2972\/wp-content\/uploads\/2025\/01\/ETOILE-VERTE-168x300.png 168w\" sizes=\"auto, (max-width: 376px) 100vw, 376px\" \/><\/figure>\n\n\n\n<p><strong>Conditions de qualification<\/strong> :<br>\u2714\ufe0f 60 % de pr\u00e9sence aux s\u00e9ances obligatoires et compl\u00e9mentaires<br>\u2714\ufe0f R\u00e9ussite de tous les OREN suivants :<\/p>\n<\/div>\n\n\n\n<ul class=\"wp-block-list\">\n<li><strong>101 <strong>Civisme<\/strong><\/strong> : Participer \u00e0 1 activit\u00e9 de citoyennet\u00e9<\/li>\n\n\n\n<li><strong>102 <strong><strong><strong>Service communautaire<\/strong><\/strong><\/strong><\/strong> : Participer \u00e0 1 activit\u00e9 de service communautaire<\/li>\n\n\n\n<li><strong>103 Leadership<\/strong>: Participer \u00e0 1 activit\u00e9 de travail en \u00e9quipe<\/li>\n\n\n\n<li><strong>104 <strong>Suivi des activit\u00e9s physiques<\/strong><\/strong> : Utiliser le Suivi des activit\u00e9s physiques sur une p\u00e9riode de quatre semaines<\/li>\n\n\n\n<li><strong>105 <strong>Activit\u00e9 physique<\/strong><\/strong> : Participer \u00e0 1 activit\u00e9 physique<\/li>\n\n\n\n<li><strong>106 <strong>\u00c9valuation du test de maniement de la carabine \u00e0 air comprim\u00e9<\/strong><\/strong> : Compl\u00e9ter le test de maniement de la carabine \u00e0 air comprim\u00e9<\/li>\n\n\n\n<li><strong>108 <strong><strong><strong>Exercice militaire<\/strong><\/strong><\/strong><\/strong> : Participer \u00e0 1 parade formelle<\/li>\n\n\n\n<li><strong>120 <strong><strong><strong>Familiarisation <\/strong><\/strong>les FAC<\/strong><\/strong> : Participer \u00e0 1 activit\u00e9 de rencontre avec les FAC<\/li>\n\n\n\n<li><strong>Entra\u00eenement d&rsquo;\u00e9l\u00e9ment<\/strong> : Compl\u00e9ter 18 p\u00e9riodes d\u2019entra\u00eenement \u00e9l\u00e9mentaire<\/li>\n\n\n\n<li><strong>PHASE <\/strong>: Participer \u00e0 1 le\u00e7on PHASE selon le mat\u00e9riel du programme PHASE<\/li>\n<\/ul>\n<\/div><\/div>\n\n\n\n<div class=\"wp-block-group\"><div class=\"wp-block-group__inner-container is-layout-constrained wp-block-group-is-layout-constrained\">\n<h2 class=\"wp-block-heading\">\u00c9toile rouge<\/h2>\n\n\n\n<div class=\"wp-block-group is-nowrap is-layout-flex wp-container-core-group-is-layout-ad2f72ca wp-block-group-is-layout-flex\">\n<figure class=\"wp-block-image size-full is-resized\"><img loading=\"lazy\" decoding=\"async\" width=\"331\" height=\"652\" src=\"https:\/\/cc2972.ca\/2972\/wp-content\/uploads\/2025\/01\/ETOILE-ROUGE.png\" alt=\"\" class=\"wp-image-170\" style=\"width:162px\" srcset=\"https:\/\/cc2972.ca\/2972\/wp-content\/uploads\/2025\/01\/ETOILE-ROUGE.png 331w, https:\/\/cc2972.ca\/2972\/wp-content\/uploads\/2025\/01\/ETOILE-ROUGE-152x300.png 152w\" sizes=\"auto, (max-width: 331px) 100vw, 331px\" \/><\/figure>\n\n\n\n<p><strong>Conditions de qualification<\/strong> :<br>\u2714\ufe0f 60 % de pr\u00e9sence aux s\u00e9ances obligatoires et compl\u00e9mentaires<br>\u2714\ufe0f R\u00e9ussite de tous les OREN suivants :<\/p>\n<\/div>\n\n\n\n<ul class=\"wp-block-list\">\n<li><strong>201 <strong><strong><strong>Civisme<\/strong><\/strong><\/strong><\/strong> : Participer \u00e0 1 activit\u00e9 de citoyennet\u00e9<\/li>\n\n\n\n<li><strong>202 <strong><strong><strong>Service communautaire<\/strong><\/strong><\/strong><\/strong> : Participer \u00e0 1 activit\u00e9 de service communautaire<\/li>\n\n\n\n<li><strong>203 <strong><strong>Leadership<\/strong><\/strong><\/strong>: Participer \u00e0 1 activit\u00e9 de leadership des pairs<\/li>\n\n\n\n<li><strong>204 <strong>Suivi des activit\u00e9s physiques<\/strong><\/strong> : Utiliser le Suivi des activit\u00e9s physiques sur une p\u00e9riode de quatre semaines<\/li>\n\n\n\n<li><strong>205 <strong>Activit\u00e9 physique<\/strong><\/strong> : Participer \u00e0 1 activit\u00e9 physique<\/li>\n\n\n\n<li><strong>208 <strong><strong><strong>Exercice militaire<\/strong><\/strong><\/strong><\/strong> : Participer \u00e0 1 parade formelle<\/li>\n\n\n\n<li><strong>220 <strong><strong><strong>Familiarisation<\/strong><\/strong> avec les FAC<\/strong><\/strong> : Participer \u00e0 1 activit\u00e9 de rencontre avec les FAC<\/li>\n\n\n\n<li><strong>Entra\u00eenement d&rsquo;\u00e9l\u00e9ment<\/strong> : Compl\u00e9ter 18 p\u00e9riodes d\u2019entra\u00eenement \u00e9l\u00e9mentaire<\/li>\n\n\n\n<li><strong>PHASE <\/strong>: Participer \u00e0 1 le\u00e7on PHASE selon le mat\u00e9riel du programme PHASE<\/li>\n<\/ul>\n<\/div><\/div>\n\n\n\n<div class=\"wp-block-group\"><div class=\"wp-block-group__inner-container is-layout-constrained wp-block-group-is-layout-constrained\">\n<h2 class=\"wp-block-heading\">\u00c9toile argent<\/h2>\n\n\n\n<div class=\"wp-block-group is-nowrap is-layout-flex wp-container-core-group-is-layout-ad2f72ca wp-block-group-is-layout-flex\">\n<figure class=\"wp-block-image size-full is-resized\"><img loading=\"lazy\" decoding=\"async\" width=\"364\" height=\"664\" src=\"https:\/\/cc2972.ca\/2972\/wp-content\/uploads\/2025\/01\/ETOILE-ARGENT.png\" alt=\"\" class=\"wp-image-168\" style=\"width:162px;height:auto\" srcset=\"https:\/\/cc2972.ca\/2972\/wp-content\/uploads\/2025\/01\/ETOILE-ARGENT.png 364w, https:\/\/cc2972.ca\/2972\/wp-content\/uploads\/2025\/01\/ETOILE-ARGENT-164x300.png 164w\" sizes=\"auto, (max-width: 364px) 100vw, 364px\" \/><\/figure>\n\n\n\n<p><strong>Conditions de qualification<\/strong> :<br>\u2714\ufe0f 60 % de pr\u00e9sence aux s\u00e9ances obligatoires et compl\u00e9mentaires<br>\u2714\ufe0f R\u00e9ussite des OREN de l\u2019\u00e9toile argent<br><strong>Comp\u00e9tence accrue<\/strong> : Certains OREN permettent d\u2019atteindre un niveau sup\u00e9rieur en d\u00e9passant la norme attendue.<\/p>\n<\/div>\n\n\n\n<ul class=\"wp-block-list\">\n<li><strong>301 <strong><strong><strong><strong><strong>Civisme<\/strong><\/strong><\/strong><\/strong><\/strong><\/strong> : Participer \u00e0 1 activit\u00e9 de citoyennet\u00e9<\/li>\n\n\n\n<li><strong>302 <strong>Service communautaire<\/strong><\/strong> : Participer \u00e0 1 activit\u00e9 de service communautaire<\/li>\n\n\n\n<li><strong>303 <strong><strong><strong>Leadership<\/strong><\/strong><\/strong><\/strong>: Participer \u00e0 1 activit\u00e9 de leadership<\/li>\n\n\n\n<li><strong>304 <strong>Suivi des activit\u00e9s physiques<\/strong><\/strong> : Utiliser le Suivi des activit\u00e9s physiques sur une p\u00e9riode de quatre semaines<\/li>\n\n\n\n<li><strong>305 <strong>Activit\u00e9 physique<\/strong><\/strong> : Participer \u00e0 1 activit\u00e9 physique<\/li>\n\n\n\n<li><strong>308 <strong>Exercice militaire<\/strong><\/strong> : Diriger une escouade avant un rassemblement<\/li>\n\n\n\n<li><strong>309 Instruction<\/strong> : Enseigner une le\u00e7on de 15 minutes<\/li>\n\n\n\n<li><strong>320 <strong>Familiarisation avec les FAC<\/strong><\/strong> : Participer \u00e0 1 activit\u00e9 de rencontre avec les FAC<\/li>\n\n\n\n<li><strong>Entra\u00eenement d&rsquo;\u00e9l\u00e9ment<\/strong> : Compl\u00e9ter 18 p\u00e9riodes d\u2019entra\u00eenement \u00e9l\u00e9mentaire<\/li>\n\n\n\n<li><strong>PHASE <\/strong>: Participer \u00e0 1 le\u00e7on PHASE selon le mat\u00e9riel du programme PHASE<\/li>\n<\/ul>\n<\/div><\/div>\n\n\n\n<div class=\"wp-block-group\"><div class=\"wp-block-group__inner-container is-layout-constrained wp-block-group-is-layout-constrained\">\n<h2 class=\"wp-block-heading\">\u00c9toile or<\/h2>\n\n\n\n<div class=\"wp-block-group is-nowrap is-layout-flex wp-container-core-group-is-layout-ad2f72ca wp-block-group-is-layout-flex\">\n<figure class=\"wp-block-image size-full is-resized\"><img loading=\"lazy\" decoding=\"async\" width=\"349\" height=\"661\" src=\"https:\/\/cc2972.ca\/2972\/wp-content\/uploads\/2025\/01\/ETOILE-OR.png\" alt=\"\" class=\"wp-image-169\" style=\"width:162px\" srcset=\"https:\/\/cc2972.ca\/2972\/wp-content\/uploads\/2025\/01\/ETOILE-OR.png 349w, https:\/\/cc2972.ca\/2972\/wp-content\/uploads\/2025\/01\/ETOILE-OR-158x300.png 158w\" sizes=\"auto, (max-width: 349px) 100vw, 349px\" \/><\/figure>\n\n\n\n<p><strong>Conditions de qualification<\/strong> :<br>\u2714\ufe0f 60 % de pr\u00e9sence aux s\u00e9ances obligatoires et compl\u00e9mentaires<br>\u2714\ufe0f R\u00e9ussite de tous les OREN de l&rsquo;\u00e9toile or<br><strong>Comp\u00e9tence accrue<\/strong> : Certains OREN permettent d\u2019atteindre un niveau sup\u00e9rieur en d\u00e9passant la norme attendue.<\/p>\n<\/div>\n\n\n\n<ul class=\"wp-block-list\">\n<li><strong>401 <strong><strong><strong><strong><strong>Civisme<\/strong><\/strong><\/strong><\/strong><\/strong><\/strong> : Participer \u00e0 1 activit\u00e9 de citoyennet\u00e9<\/li>\n\n\n\n<li><strong>402 <strong>Service communautaire<\/strong><\/strong> : Participer \u00e0 1 activit\u00e9 de service communautaire<\/li>\n\n\n\n<li><strong>403 <strong><strong><strong>Leadership<\/strong><\/strong><\/strong><\/strong>: Participer \u00e0 1 activit\u00e9 en tant que chef d\u2019\u00e9quipe<\/li>\n\n\n\n<li><strong>404 <strong>Suivi des activit\u00e9s physiques<\/strong><\/strong> : Utiliser le Suivi des activit\u00e9s physiques sur une p\u00e9riode de quatre semaines<\/li>\n\n\n\n<li><strong>405 <strong>Activit\u00e9 physique<\/strong><\/strong> : Participer \u00e0 1 activit\u00e9 physique<\/li>\n\n\n\n<li><strong>408 <strong>Exercice militaire<\/strong><\/strong> : Participer \u00e0 1 parade formelle<\/li>\n\n\n\n<li><strong>408E <strong>Exercice militaire<\/strong><\/strong> : Commandement d&rsquo;une division lors d&rsquo;un rassemblement<\/li>\n\n\n\n<li><strong>409E Instruction<\/strong> : Enseigner une le\u00e7on de 30 minutes<\/li>\n\n\n\n<li><strong>420 <strong>Familiarisation avec les FAC<\/strong><\/strong> : Participer \u00e0 1 activit\u00e9 de rencontre avec les FAC<\/li>\n\n\n\n<li><strong>Entra\u00eenement d&rsquo;\u00e9l\u00e9ment<\/strong> : Compl\u00e9ter 18 p\u00e9riodes d\u2019entra\u00eenement \u00e9l\u00e9mentaire<\/li>\n\n\n\n<li><strong>PHASE <\/strong>: Participer \u00e0 1 le\u00e7on PHASE selon le mat\u00e9riel du programme PHASE<\/li>\n<\/ul>\n<\/div><\/div>\n\n\n\n<div class=\"wp-block-group\"><div class=\"wp-block-group__inner-container is-layout-constrained wp-block-group-is-layout-constrained\">\n<h2 class=\"wp-block-heading\">Programme de leadership avanc\u00e9 (PLA)<\/h2>\n\n\n\n<div class=\"wp-block-group is-nowrap is-layout-flex wp-container-core-group-is-layout-ad2f72ca wp-block-group-is-layout-flex\">\n<figure class=\"wp-block-image size-full\"><img loading=\"lazy\" decoding=\"async\" width=\"161\" height=\"86\" src=\"https:\/\/cc2972.ca\/2972\/wp-content\/uploads\/2025\/02\/image.png\" alt=\"\" class=\"wp-image-326\"\/><\/figure>\n\n\n\n<p><strong>Conditions de qualification<\/strong> :<br>\u2714\ufe0f D\u00e9tenir l\u2019\u00e9toile d\u2019or<br>\u2714\ufe0f 60 % de pr\u00e9sence aux s\u00e9ances obligatoires et compl\u00e9mentaires<br>\u2714\ufe0f R\u00e9ussite de tous les OREN suivants :<\/p>\n<\/div>\n\n\n\n<ul class=\"wp-block-list\">\n<li><strong>503 Diriger les activit\u00e9s des cadets<\/strong>: Participation aux le\u00e7ons de l&rsquo;OREN 503<\/li>\n\n\n\n<li><strong>503E1 <strong><strong>Groupes de planification des cadets seniors<\/strong><\/strong><\/strong> : Participer aux groupes de planification des cadets seniors<\/li>\n\n\n\n<li><strong>503E2 <strong>Projet de leadership<\/strong> <\/strong>: Participer \u00e0 la conduite et \u00e0 la conclusion d&rsquo;un exercice multicorps de cadets et escadrons<\/li>\n\n\n\n<li><strong>503E3 <strong>Affectation \u00e0 un poste de leadership<\/strong><\/strong> : Occuper un poste de leadership pendant au moins trois mois<\/li>\n\n\n\n<li><strong>507 <strong>Contribuer au Programme des cadets<\/strong><\/strong> : \u00c9laborer une pr\u00e9senter un projet int\u00e9grateur sur la philosophie personnelle du leadership<\/li>\n\n\n\n<li><strong>509 <strong>D\u00e9velopper des comp\u00e9tences en instruction<\/strong><\/strong> : Participer \u00e0 une s\u00e9ance de d\u00e9veloppement professionnel des techniques d&rsquo;instruction<\/li>\n\n\n\n<li><strong>513S1<\/strong> <strong>Participer au s\u00e9minaire de leadership 1<\/strong>: Participer \u00e0 1 s\u00e9minaire sur le leadership<\/li>\n\n\n\n<li><strong>513S2<\/strong> <strong>Participer au s\u00e9minaire de leadership 2<\/strong>: Participer \u00e0 1 s\u00e9minaire sur le leadership<\/li>\n\n\n\n<li><strong>513S3<\/strong> <strong>Participer au s\u00e9minaire de leadership 3<\/strong>: Participer \u00e0 1 s\u00e9minaire sur le leadership<\/li>\n<\/ul>\n\n\n\n<p><strong>Aucune limite de temps<\/strong> : Les cadets peuvent compl\u00e9ter ce niveau \u00e0 leur rythme.<\/p>\n<\/div><\/div>\n\n\n\n<div class=\"wp-block-group\"><div class=\"wp-block-group__inner-container is-layout-constrained wp-block-group-is-layout-constrained\">\n<h3 class=\"wp-block-heading\"><strong>Si un cadet ne satisfait pas aux exigences<\/strong><\/h3>\n\n\n\n<p>Il aura des <strong>occasions suppl\u00e9mentaires<\/strong> pour atteindre la norme, avec les ressources disponibles du corps de cadets.<\/p>\n\n\n\n<p><strong>Date limite pour compl\u00e9ter chaque niveau<\/strong> : <strong>31 mars de l\u2019ann\u00e9e en cours<\/strong><\/p>\n\n\n\n<p>Pour toute question ou information, adressez-vous \u00e0 votre instructeur ou au commandement.<\/p>\n<\/div><\/div>\n<\/div><\/div>\n","protected":false},"excerpt":{"rendered":"<p>L\u2019instruction des cadets de l\u2019Arm\u00e9e est divis\u00e9e en cinq niveaux, repr\u00e9sent\u00e9s par des \u00e9toiles de couleur. Pour se qualifier au niveau suivant, le cadet doit : Chaque niveau a des crit\u00e8res pr\u00e9cis bas\u00e9s sur la pr\u00e9sence et la r\u00e9ussite des Objectifs de Rendement (OREN). \u00c9toile verte Conditions de qualification :\u2714\ufe0f 60 % de pr\u00e9sence aux &hellip; <a href=\"https:\/\/cc2972.ca\/2972\/comment-passer-mon-niveau\/\" class=\"more-link\">Lire la suite de <span class=\"screen-reader-text\">Comment passer mon niveau<\/span><\/a><\/p>\n","protected":false},"author":3,"featured_media":0,"parent":0,"menu_order":0,"comment_status":"closed","ping_status":"closed","template":"","meta":{"pagelayer_contact_templates":[],"_pagelayer_content":"","footnotes":""},"class_list":["post-325","page","type-page","status-publish","hentry","no-featured-image"],"_links":{"self":[{"href":"https:\/\/cc2972.ca\/2972\/wp-json\/wp\/v2\/pages\/325","targetHints":{"allow":["GET"]}}],"collection":[{"href":"https:\/\/cc2972.ca\/2972\/wp-json\/wp\/v2\/pages"}],"about":[{"href":"https:\/\/cc2972.ca\/2972\/wp-json\/wp\/v2\/types\/page"}],"author":[{"embeddable":true,"href":"https:\/\/cc2972.ca\/2972\/wp-json\/wp\/v2\/users\/3"}],"replies":[{"embeddable":true,"href":"https:\/\/cc2972.ca\/2972\/wp-json\/wp\/v2\/comments?post=325"}],"version-history":[{"count":2,"href":"https:\/\/cc2972.ca\/2972\/wp-json\/wp\/v2\/pages\/325\/revisions"}],"predecessor-version":[{"id":330,"href":"https:\/\/cc2972.ca\/2972\/wp-json\/wp\/v2\/pages\/325\/revisions\/330"}],"wp:attachment":[{"href":"https:\/\/cc2972.ca\/2972\/wp-json\/wp\/v2\/media?parent=325"}],"curies":[{"name":"wp","href":"https:\/\/api.w.org\/{rel}","templated":true}]}}