{"id":265,"date":"2025-01-31T00:36:44","date_gmt":"2025-01-31T00:36:44","guid":{"rendered":"https:\/\/cc2972.ca\/2972\/?page_id=265"},"modified":"2025-01-31T00:36:46","modified_gmt":"2025-01-31T00:36:46","slug":"references-instructeurs","status":"publish","type":"page","link":"https:\/\/cc2972.ca\/2972\/references-instructeurs\/","title":{"rendered":"R\u00e9f\u00e9rences instructeurs"},"content":{"rendered":"\n<div class=\"wp-block-group alignwide\"><div class=\"wp-block-group__inner-container is-layout-constrained wp-block-group-is-layout-constrained\">\n<p>Retrouvez ici tout le n\u00e9cessaire pour organiser et structurer vos activit\u00e9s d\u2019instruction avec efficacit\u00e9.<\/p>\n\n\n\n<h3 class=\"wp-block-heading\"><strong>Normes de qualifications<\/strong><\/h3>\n\n\n\n<p>Ces documents d\u00e9taillent les comp\u00e9tences et objectifs \u00e0 atteindre \u00e0 chaque niveau du programme des cadets.<\/p>\n\n\n\n<ul class=\"wp-block-list\">\n<li><a href=\"https:\/\/cc2972.ca\/2972\/wp-content\/uploads\/2025\/01\/NQP-vert.pdf\" data-type=\"link\" data-id=\"https:\/\/cc2972.ca\/2972\/wp-content\/uploads\/2025\/01\/NQP-vert.pdf\">Norme de qualification et plan de l\u2019\u00e9toile verte<\/a><\/li>\n\n\n\n<li><a href=\"https:\/\/cc2972.ca\/2972\/wp-content\/uploads\/2025\/01\/NQP-rouge.pdf\" data-type=\"link\" data-id=\"https:\/\/cc2972.ca\/2972\/wp-content\/uploads\/2025\/01\/NQP-rouge.pdf\">Norme de qualification et plan de l\u2019\u00e9toile rouge<\/a><\/li>\n\n\n\n<li><a href=\"https:\/\/cc2972.ca\/2972\/wp-content\/uploads\/2025\/01\/NQP-argent.pdf\" data-type=\"link\" data-id=\"https:\/\/cc2972.ca\/2972\/wp-content\/uploads\/2025\/01\/NQP-argent.pdf\">Norme de qualification et plan de l\u2019\u00e9toile argent<\/a><\/li>\n\n\n\n<li><a href=\"https:\/\/cc2972.ca\/2972\/wp-content\/uploads\/2025\/01\/NQP-or.pdf\" data-type=\"link\" data-id=\"https:\/\/cc2972.ca\/2972\/wp-content\/uploads\/2025\/01\/NQP-or.pdf\">Norme de qualification et plan de l\u2019\u00e9toile d\u2019or<\/a><\/li>\n\n\n\n<li><a href=\"https:\/\/cc2972.ca\/2972\/wp-content\/uploads\/2025\/01\/PLA-NQP_FR-Avr-24.pdf\" data-type=\"link\" data-id=\"https:\/\/cc2972.ca\/2972\/wp-content\/uploads\/2025\/01\/PLA-NQP_FR-Avr-24.pdf\">Norme de qualification et plan du PLA<\/a><\/li>\n<\/ul>\n\n\n\n<h3 class=\"wp-block-heading\"><strong>Guides p\u00e9dagogiques<\/strong><\/h3>\n\n\n\n<p>Des ressources essentielles pour accompagner l\u2019instruction et assurer une progression structur\u00e9e.<\/p>\n\n\n\n<ul class=\"wp-block-list\">\n<li><a href=\"https:\/\/cc2972.ca\/2972\/wp-content\/uploads\/2025\/01\/GP-vert.pdf\" data-type=\"link\" data-id=\"https:\/\/cc2972.ca\/2972\/wp-content\/uploads\/2025\/01\/GP-vert.pdf\">Guide p\u00e9dagogique de l\u2019\u00e9toile verte<\/a><\/li>\n\n\n\n<li><a href=\"https:\/\/cc2972.ca\/2972\/wp-content\/uploads\/2025\/01\/GP-rouge.pdf\" data-type=\"link\" data-id=\"https:\/\/cc2972.ca\/2972\/wp-content\/uploads\/2025\/01\/GP-rouge.pdf\">Guide p\u00e9dagogique de l\u2019\u00e9toile rouge<\/a><\/li>\n\n\n\n<li><a href=\"https:\/\/cc2972.ca\/2972\/wp-content\/uploads\/2025\/01\/GP-argent-1.pdf\" data-type=\"link\" data-id=\"https:\/\/cc2972.ca\/2972\/wp-content\/uploads\/2025\/01\/GP-argent-1.pdf\">Guide p\u00e9dagogique de l\u2019\u00e9toile argent 1<\/a><\/li>\n\n\n\n<li><a href=\"https:\/\/cc2972.ca\/2972\/wp-content\/uploads\/2025\/01\/GP-argent-2.pdf\" data-type=\"link\" data-id=\"https:\/\/cc2972.ca\/2972\/wp-content\/uploads\/2025\/01\/GP-argent-2.pdf\">Guide p\u00e9dagogique de l\u2019\u00e9toile argent 2<\/a><\/li>\n\n\n\n<li><a href=\"https:\/\/cc2972.ca\/2972\/wp-content\/uploads\/2025\/01\/GP-or.pdf\" data-type=\"link\" data-id=\"https:\/\/cc2972.ca\/2972\/wp-content\/uploads\/2025\/01\/GP-or.pdf\">Guide p\u00e9dagogique de l\u2019\u00e9toile d\u2019or<\/a><\/li>\n\n\n\n<li><a href=\"https:\/\/cc2972.ca\/2972\/wp-content\/uploads\/2025\/01\/PLA-Cahier-de-travail-du-participant_FR-avr-24.pdf\" data-type=\"link\" data-id=\"https:\/\/cc2972.ca\/2972\/wp-content\/uploads\/2025\/01\/PLA-Cahier-de-travail-du-participant_FR-avr-24.pdf\">Cahier du participant du PLA<\/a><\/li>\n<\/ul>\n\n\n\n<h3 class=\"wp-block-heading\"><strong>Plans de le\u00e7on<\/strong><\/h3>\n\n\n\n<p>Des mod\u00e8les pour pr\u00e9parer et animer vos s\u00e9ances d\u2019instruction.<\/p>\n\n\n\n<p><strong>Plans de le\u00e7on en classe<\/strong><\/p>\n\n\n\n<ul class=\"wp-block-list\">\n<li><a href=\"https:\/\/cc2972.ca\/2972\/wp-content\/uploads\/2025\/01\/PlAN_DE_LECON_EN_CLASSE.pdf\" data-type=\"link\" data-id=\"https:\/\/cc2972.ca\/2972\/wp-content\/uploads\/2025\/01\/PlAN_DE_LECON_EN_CLASSE.pdf\">Version PDF<\/a><\/li>\n\n\n\n<li><a href=\"https:\/\/cc2972.ca\/2972\/wp-content\/uploads\/2025\/01\/PlAN_DE_LECON_EN_CLASSE.doc\" data-type=\"link\" data-id=\"https:\/\/cc2972.ca\/2972\/wp-content\/uploads\/2025\/01\/PlAN_DE_LECON_EN_CLASSE.doc\">Version Word<\/a><\/li>\n\n\n\n<li><a href=\"https:\/\/cc2972.ca\/2972\/wp-content\/uploads\/2025\/01\/LISTE_DE_CONTROLE_DU_PLAN_DE_LECON_EN_CLASSE.doc\" data-type=\"link\" data-id=\"https:\/\/cc2972.ca\/2972\/wp-content\/uploads\/2025\/01\/LISTE_DE_CONTROLE_DU_PLAN_DE_LECON_EN_CLASSE.doc\">Liste de contr\u00f4le<\/a><\/li>\n<\/ul>\n\n\n\n<p><strong>Plans de le\u00e7on d\u2019exercice militaire<\/strong><\/p>\n\n\n\n<ul class=\"wp-block-list\">\n<li><a href=\"https:\/\/cc2972.ca\/2972\/wp-content\/uploads\/2025\/01\/PlAN_DE_LECON_D_EXERCICE_MILITAIRE.pdf\" data-type=\"link\" data-id=\"https:\/\/cc2972.ca\/2972\/wp-content\/uploads\/2025\/01\/PlAN_DE_LECON_D_EXERCICE_MILITAIRE.pdf\">Version PDF<\/a><\/li>\n\n\n\n<li><a href=\"https:\/\/cc2972.ca\/2972\/wp-content\/uploads\/2025\/01\/PlAN_DE_LECON_D_EXERCICE_MILITAIRE.doc\" data-type=\"link\" data-id=\"https:\/\/cc2972.ca\/2972\/wp-content\/uploads\/2025\/01\/PlAN_DE_LECON_D_EXERCICE_MILITAIRE.doc\">Version Word<\/a><\/li>\n\n\n\n<li><a href=\"https:\/\/cc2972.ca\/2972\/wp-content\/uploads\/2025\/01\/LISTE_DE_CONTROLE_DU_PLAN_DE_LECON_D_EXERCICE_MILITAIRE.doc\" data-type=\"link\" data-id=\"https:\/\/cc2972.ca\/2972\/wp-content\/uploads\/2025\/01\/LISTE_DE_CONTROLE_DU_PLAN_DE_LECON_D_EXERCICE_MILITAIRE.doc\">Liste de contr\u00f4le<\/a><\/li>\n<\/ul>\n\n\n\n<h3 class=\"wp-block-heading\"><strong>Guides de jeux<\/strong><\/h3>\n\n\n\n<p>Incorporez des activit\u00e9s ludiques pour rendre l\u2019apprentissage plus dynamique et engageant.<\/p>\n\n\n\n<ul class=\"wp-block-list\">\n<li><a href=\"https:\/\/cc2972.ca\/2972\/wp-content\/uploads\/2025\/01\/GJ_GUIDE_DE_JEUX_DUCATIF_2013_12_20.pdf\" data-type=\"link\" data-id=\"https:\/\/cc2972.ca\/2972\/wp-content\/uploads\/2025\/01\/GJ_LOISIR_ET_SPORT_2013_12_20.pdf\">Guide de jeux \u00e9ducatifs<\/a><\/li>\n\n\n\n<li><a href=\"https:\/\/cc2972.ca\/2972\/wp-content\/uploads\/2025\/01\/GJ_LOISIR_ET_SPORT_2013_12_20.pdf\" data-type=\"link\" data-id=\"https:\/\/cc2972.ca\/2972\/wp-content\/uploads\/2025\/01\/GJ_LOISIR_ET_SPORT_2013_12_20.pdf\">Jeux pour cadets<\/a><\/li>\n<\/ul>\n\n\n\n<h3 class=\"wp-block-heading\"><strong>Documents de r\u00e9f\u00e9rence<\/strong><\/h3>\n\n\n\n<p>Des ressources compl\u00e9mentaires pour approfondir vos connaissances.<\/p>\n\n\n\n<ul class=\"wp-block-list\">\n<li><a href=\"https:\/\/cc2972.ca\/2972\/wp-content\/uploads\/2025\/01\/MANUEL_DEXERCICE_MILITAIRE_MUSIQUE_APD201.pdf\" data-type=\"link\" data-id=\"https:\/\/cc2972.ca\/2972\/wp-content\/uploads\/2025\/01\/MANUEL_DEXERCICE_MILITAIRE_MUSIQUE_APD201.pdf\">Manuel d\u2019exercice militaire pour la musique<\/a><\/li>\n\n\n\n<li><a href=\"https:\/\/cc2972.ca\/2972\/wp-content\/uploads\/2025\/01\/MANUEL_DEXERCICE_MILITAIRE_APD201.pdf\" data-type=\"link\" data-id=\"https:\/\/cc2972.ca\/2972\/wp-content\/uploads\/2025\/01\/MANUEL_DEXERCICE_MILITAIRE_APD201.pdf\">Manuel d\u2019exercice militaire APD-201<\/a><\/li>\n\n\n\n<li><a href=\"https:\/\/cc2972.ca\/2972\/wp-content\/uploads\/2025\/01\/Insignes-et-fonctions-des-Forces-Canadiennes.pdf\" data-type=\"link\" data-id=\"https:\/\/cc2972.ca\/2972\/wp-content\/uploads\/2025\/01\/Insignes-et-fonctions-des-Forces-Canadiennes.pdf\">Insignes de grades et de fonctions des Forces canadiennes<\/a><\/li>\n<\/ul>\n\n\n\n<p>Les documents sont disponibles en t\u00e9l\u00e9chargement ou sur demande.<\/p>\n<\/div><\/div>\n","protected":false},"excerpt":{"rendered":"<p>Retrouvez ici tout le n\u00e9cessaire pour organiser et structurer vos activit\u00e9s d\u2019instruction avec efficacit\u00e9. Normes de qualifications Ces documents d\u00e9taillent les comp\u00e9tences et objectifs \u00e0 atteindre \u00e0 chaque niveau du programme des cadets. Guides p\u00e9dagogiques Des ressources essentielles pour accompagner l\u2019instruction et assurer une progression structur\u00e9e. Plans de le\u00e7on Des mod\u00e8les pour pr\u00e9parer et animer &hellip; <a href=\"https:\/\/cc2972.ca\/2972\/references-instructeurs\/\" class=\"more-link\">Lire la suite de <span class=\"screen-reader-text\">R\u00e9f\u00e9rences instructeurs<\/span><\/a><\/p>\n","protected":false},"author":3,"featured_media":0,"parent":0,"menu_order":0,"comment_status":"closed","ping_status":"closed","template":"","meta":{"pagelayer_contact_templates":[],"_pagelayer_content":"","footnotes":""},"class_list":["post-265","page","type-page","status-publish","hentry","no-featured-image"],"_links":{"self":[{"href":"https:\/\/cc2972.ca\/2972\/wp-json\/wp\/v2\/pages\/265","targetHints":{"allow":["GET"]}}],"collection":[{"href":"https:\/\/cc2972.ca\/2972\/wp-json\/wp\/v2\/pages"}],"about":[{"href":"https:\/\/cc2972.ca\/2972\/wp-json\/wp\/v2\/types\/page"}],"author":[{"embeddable":true,"href":"https:\/\/cc2972.ca\/2972\/wp-json\/wp\/v2\/users\/3"}],"replies":[{"embeddable":true,"href":"https:\/\/cc2972.ca\/2972\/wp-json\/wp\/v2\/comments?post=265"}],"version-history":[{"count":1,"href":"https:\/\/cc2972.ca\/2972\/wp-json\/wp\/v2\/pages\/265\/revisions"}],"predecessor-version":[{"id":288,"href":"https:\/\/cc2972.ca\/2972\/wp-json\/wp\/v2\/pages\/265\/revisions\/288"}],"wp:attachment":[{"href":"https:\/\/cc2972.ca\/2972\/wp-json\/wp\/v2\/media?parent=265"}],"curies":[{"name":"wp","href":"https:\/\/api.w.org\/{rel}","templated":true}]}}